- 105?
-105
In base 9, what is 1 + -1850?
-1848
In base 3, what is -2 + -222?
-1001
In base 7, what is 1 + -4304?
-4303
In base 15, what is -466 + -5?
-46b
In base 12, what is 3 + -225?
-222
In base 16, what is 7 - 27e?
-277
In base 12, what is -5 + -11a7?
-11b0
In base 16, what is 36 + 1?
37
In base 16, what is 16 + 1?
17
In base 10, what is 56 - -5?
61
In base 5, what is 30 - -110?
140
In base 14, what is -6 - 166?
-16c
In base 9, what is 14658 - 5?
14653
In base 8, what is -24 - -124?
100
In base 5, what is -4 - 344?
-403
In base 2, what is -1001110101 + 1?
-1001110100
In base 3, what is 0 - 2101?
-2101
In base 8, what is -4 + -471?
-475
In base 9, what is 1 - 57?
-56
In base 4, what is -10 - 10302?
-10312
In base 12, what is -133 - 4?
-137
In base 14, what is 14 + -5?
d
In base 10, what is -58 + 7?
-51
In base 2, what is 100 + -1001100001?
-1001011101
In base 15, what is -91 - -14?
-7c
In base 12, what is -3b47 - 1?
-3b48
In base 2, what is -1 + 1100?
1011
In base 10, what is 398 + 4?
402
In base 5, what is -30 + -13?
-43
In base 3, what is -200212 - -1?
-200211
In base 12, what is 4 + -26?
-22
In base 12, what is 45 + 65?
aa
In base 14, what is -336 - 3?
-339
In base 5, what is 12 + 31343?
31410
In base 3, what is 1000 - -11?
1011
In base 7, what is -2 + 4?
2
In base 2, what is -100 - 1011011?
-1011111
In base 5, what is -4043 - 11?
-4104
In base 9, what is 5 - -400?
405
In base 4, what is 20 - -23223?
23303
In base 7, what is 65 - -3?
101
In base 7, what is 104 + 11?
115
In base 4, what is 323 + 30?
1013
In base 7, what is 205 - -5?
213
In base 11, what is -2 - 27?
-29
In base 12, what is -2 - a32?
-a34
In base 11, what is -5 - 44?
-49
In base 5, what is 2 - 12?
-10
In base 6, what is -130 + -2?
-132
In base 7, what is -66 - 21?
-120
In base 13, what is 1 + 119?
11a
In base 12, what is 1559 - 1?
1558
In base 6, what is -323 + 3?
-320
In base 12, what is 1 + 10?
11
In base 9, what is 584 + -1?
583
In base 16, what is 0 - 52?
-52
In base 9, what is 13 + -11?
2
In base 12, what is 2 + 2398?
239a
In base 6, what is -325 + 13?
-312
In base 10, what is -5421 + 1?
-5420
In base 5, what is 3021 + 2?
3023
In base 6, what is -121 - -330?
205
In base 6, what is -23044 - -4?
-23040
In base 15, what is 5 - 24?
-1e
In base 14, what is 280 + -3?
27b
In base 16, what is 113a + -4?
1136
In base 13, what is -6 - -570?
567
In base 13, what is -35 - 2?
-37
In base 14, what is 50 + 16?
66
In base 10, what is -4 - -10?
6
In base 7, what is 5 + 13421?
13426
In base 3, what is -102120022 - -10?
-102120012
In base 12, what is 5 + 428?
431
In base 15, what is 2 - 5?
-3
In base 7, what is 461 + 1?
462
In base 15, what is -1e + 1b?
-3
In base 5, what is 2 - -32230?
32232
In base 11, what is 5 + -a81?
-a77
In base 16, what is 3 - 27?
-24
In base 16, what is 1 - -26?
27
In base 11, what is -47 + -1?
-48
In base 13, what is 0 + 43?
43
In base 4, what is 2 + 2200?
2202
In base 10, what is -1 - -774?
773
In base 7, what is -650 - 6?
-656
In base 2, what is 100 - -1000101?
1001001
In base 4, what is 11 - 102?
-31
In base 10, what is -69 + 3?
-66
In base 15, what is 3a + 14?
4e
In base 3, what is -20220 + 11?
-20202
In base 16, what is 8 + -dc?
-d4
In base 13, what is -19 + 3?
-16
In base 4, what is 1011 + -1312?
-301
In base 5, what is -202 - -31?
-121
In base 10, what is 5 + -238?
-233
In base 6, what is -334 - -113?
-221
In base 16, what is a3 - -a?
ad
In base 4, what is -2 - 203132?
-203200
In base 10, what is 1166 + -5?
1161
In base 10, what is 2237 + 0?
2237
In base 8, what is 0 + -723?
-723
In base 3, what is -2 + 1011?
1002
In base 12, what is 0 - 787?
-787
In base 9, what is 0 - 1520?
-1520
In base 7, what is -213 + 15?
-165
In base 10, what is -1080 - 1?
-1081
In base 14, what is -3a3 - 2?
-3a5
In base 6, what is -15 + -1?
-20
In base 9, what is -34 + -25?
-60
In base 15, what is -6e + 0?
-6e
In base 13, what is 53 + 4?
57
In base 13, what is 17a + 1?
17b
In base 5, what is 13 - -4320?
4333
In base 11, what is -413 - -a?
-404
In base 10, what is -16 + 269?
253
In base 12, what is 112 - 5?
109
In base 8, what is -432 + 4?
-426
In base 2, what is 101 + 100?
1001
In base 9, what is -1 + -11?
-12
In base 11, what is -818 - -1?
-817
In base 7, what is -5 + 116?
111
In base 11, what is 0 + 50?
50
In base 3, what is 100010 + 11?
100021
In base 13, what is -11b + -2?
-120
In base 16, what is -2 + -28?
-2a
In base 6, what is 14 - 2?
12
In base 5, what is -14 + 211?
142
In base 7, what is -6 + 512?
503
In base 3, what is -11002 - 1?
-11010
In base 12, what is 15 - -12?
27
In base 7, what is 264 - 12?
252
In base 7, what is -36 + 1053?
1014
In base 6, what is -2 + -22313?
-22315
In base 9, what is -3014 - -1?
-3013
In base 14, what is 1 - -348?
349
In base 4, what is -13 - 100200?
-100213
In base 5, what is 323 + -4?
314
In base 3, what is 20120 - -10?
20200
In base 15, what is -62 - -29?
-38
In base 5, what is 311 - 23?
233
In base 13, what is -5 + -2b2?
-2b7
In base 11, what is -38 + 30?
-8
In base 3, what is -10 + 110000?
102220
In base 11, what is -5 - -18?
13
In base 11, what is -3 - -1331?
1329
In base 9, what is 24 + -10?
14
In base 9, what is -44 - 32?
-76
In base 12, what is 3 + -18b0?
-18a9
In base 10, what is 17 + -314?
-297
In base 14, what is -7 - -7a?
73
In base 10, what is 25295 - 2?
25293
In base 3, what is 2110100 + -12?
2110011
In base 7, what is -53 - 0?
-53
In base 10, what is -6 - 185?
-191
In base 16, what is -100 - -3?
-fd
In base 2, what is -1111000010010 - 11?
-1111000010101
In base 9, what is 72 + 46?
128
In base 2, what is -10000001001 - 100?
-10000001101
In base 10, what is 999 - 2?
997
In base 7, what is 212 - -200?
412
In base 4, what is -11 + -230?
-301
In base 15, what is -11 + -25?
-36
In base 4, what is 2 - -232013?
232021
In base 10, what is -307 + 2?
-305
In base 3, what is 112002 + -1?
112001
In base 7, what is 5 - 11635?
-11630
In base 5, what is -42 - 0?
-42
In base 6, what is -34332 - 3?
-34335
In base 4, what is -13220 + -11?
-13231
In base 15, what is -1 + 2c6?
2c5
In base 7, what is 12 + -30?
-15
In base 15, what is -4 - 1359?
-135d
In base 16, what is 4 - c?
-8
In base 6, what is 512 - -23?
535
In base 6, what is -1 + 24302?
24301
In base 4, what is 2010031 + -1?
2010030
In base 7, what is -1526 - -1?
-1525
In base 4, what is -1 + -1233?
-1300
In base 10, what is 22 + 4?
26
In base 11, what is -1 + -11?
-12
In base 7, what is -1 - 1002?
-1003
In base 15, what is -c + -a?
-17
In base 8, what is 13 - -136?
151
In base 12, what is -4a - -1?
-49
In base 2, what is -1110 - 100100?
-110010
In base 5, what is 2120 + -4?
2111
In base 10, what is 22 + 5?
27
In base 9, what is 8171 - -3?
8174
In base 3, what is 1201 + -20?
1111
In base 11, what is -161 - 4?
-165
In base 2, what is 1 + 101011?
101100
In base 6, what is 3 + -212?
-205
In base 9, what is 2 + -121?
-118
In base 10, what is 159 - -4?
163
In base 7, what is -61 + 221?
130
In base 9, what is 7 + 2?
10
In base 11, what is 1 + -910?
-90a
In base 4, what is 0 - -1022?
1022
In base 15, what is 0 - -17?
17
In base 11, what is -4 + 0?
-4
In base 2, what is -10 - 101100?
-101110
In base 10, what is 2190 - 2?
2188
In base 10, what is -644 + -5?
-649
In base 13, what is -2 + 193?
191
In base 8, what is 3 - -634?
637
In base 2, what is -10000110000 - 1110?
-10000111110
In base 13, what is -2ac - -5?
-2a7
In base 11, what is -2 - 233?
-235
In base 7, what is -2 - 621?
-623
In base 12, what is -27b - 2?
-281
In base 13, what is -4a - 2?
-4c
In base 15, what is -3 + 4d6?
4d3
In base 6, what is -15403 - 2?
-15405
In base 13, what is -1aa + 5?
-1a5
In base 2, what is -1001 - 1001101110?
-1001110111
In base 5, what is -10 + 412?
402
In base 7, what is -5024 - -1?
-5023
In base 9, what is 4 + -22?
-17
In base 10, what is -5 - -50?
45
In base 3, what is -1001022 - -10?
-1001012
In base 14, what is -b2 - 3?
-b5
In base 14, what is 2 + -421?
-41d
In base 13, what is b - b?
0
In base 9, what is 0 + -188?
-188
In base 16, what is -20 - a?
-2a
In base 11, what is -2 - 1456?
-1458
In base 6, what is 31134 - 0?
31134
In base 5, what is -2 + 12?
10
In base 16, what is 0 + -164?
-164
In base 7, what is -400 - -13?
-354
In base 2, what is -10 + 11101000001?
11100111111
In base 5, what is -11010 + 20?
-